{"id":15735,"date":"2026-04-06T05:50:30","date_gmt":"2026-04-06T04:50:30","guid":{"rendered":"https:\/\/grillcentrum.shop\/gree\/produkt\/aerator-wertykulator-elektryczny-nac-sce180-38-w\/"},"modified":"2026-04-11T02:22:22","modified_gmt":"2026-04-11T01:22:22","slug":"aerator-wertykulator-elektryczny-nac-sce180-38-w","status":"publish","type":"product","link":"https:\/\/qulvako.shop\/grill\/produkt\/aerator-wertykulator-elektryczny-nac-sce180-38-w\/","title":{"rendered":"Aerator-wertykulator elektryczny NAC &#8211; SCE180-38-W"},"content":{"rendered":"<div style=\"font-family: Arial, sans-serif; line-height: 1.6; color: #333; padding: 20px; clear: both; display: block; width: 100%; float: none; position: static; overflow: hidden;\">\n<div style=\"clear: both; display: block; margin: 10px 0;\">\n<div style=\"clear: both; display: block; margin: 10px 0;\">\n<div style=\"clear: both; display: block; margin: 10px 0;\">\n<p style=\"margin: 15px 0; line-height: 1.8; clear: both; display: block; width: 100%; float: none; position: static;\">NAC to firma z 25 letni\u0105 tradycj\u0105. NAC jest producentem wysokiej klasy urz\u0105dze\u0144 ogrodniczych. Oferta obejmuje maszyny do piel\u0119gnacji trawnik\u00f3w oraz prac ogrodowych (kosiarki, traktorki, podkaszarki, kosy spalinowe, odkurzacze ogrodowe, pilarki, glebogryzarki, od\u015bnie\u017carki, \u0142uparki do drewna).Presti\u017c firmy podnosi wsp\u00f3\u0142praca z Briggs &amp; Stratton &#8211; znanym na ca\u0142ym \u015bwiecie producentem silnik\u00f3w najwy\u017cszej jako\u015bci.Nac posiada sie\u0107 ponad 100 autoryzowanych punkt\u00f3w serwisowych. NAC oferuje szerok\u0105 gam\u0119 kosiarek elektrycznych i spalinowych.<\/p>\n<h2>Dane techniczne:<\/h2>\n<ul style=\"margin: 15px 0; padding-left: 20px; clear: both; display: block; width: 100%; float: none; position: static;\">\n<li style=\"margin: 5px 0; padding: 2px 0; clear: both; display: list-item; float: none; position: static;\">silnik:&nbsp;elektryczny, komutatorowy<\/li>\n<li style=\"margin: 5px 0; padding: 2px 0; clear: both; display: list-item; float: none; position: static;\">moc nominalna silnika:&nbsp;1800 W<\/li>\n<li style=\"margin: 5px 0; padding: 2px 0; clear: both; display: list-item; float: none; position: static;\">napi\u0119cie znamionowe:&nbsp;230V, 50Hz<\/li>\n<li style=\"margin: 5px 0; padding: 2px 0; clear: both; display: list-item; float: none; position: static;\">maksymanlna pr\u0119dko\u015b\u0107 obrotowa:&nbsp;3700 \/min<\/li>\n<li style=\"margin: 5px 0; padding: 2px 0; clear: both; display: list-item; float: none; position: static;\">obudowa:&nbsp;plastikowa<\/li>\n<li style=\"margin: 5px 0; padding: 2px 0; clear: both; display: list-item; float: none; position: static;\">pojemno\u015b\u0107 kosza:&nbsp;55 litr\u00f3w<\/li>\n<li style=\"margin: 5px 0; padding: 2px 0; clear: both; display: list-item; float: none; position: static;\">rodzaj kosza:&nbsp;siatkowy<\/li>\n<li style=\"margin: 5px 0; padding: 2px 0; clear: both; display: list-item; float: none; position: static;\">szeroko\u015b\u0107 robocza:&nbsp;40 cm<\/li>\n<li style=\"margin: 5px 0; padding: 2px 0; clear: both; display: list-item; float: none; position: static;\">regulacja wysoko\u015bci koszenia:&nbsp;centralna, pi\u0119ciostopniowa<\/li>\n<li style=\"margin: 5px 0; padding: 2px 0; clear: both; display: list-item; float: none; position: static;\">zakres regulacji wysoko\u015bci roboczej:&nbsp;od -13 mm do 9 mm<\/li>\n<li style=\"margin: 5px 0; padding: 2px 0; clear: both; display: list-item; float: none; position: static;\">g\u0142\u0119boko\u015b\u0107 pracy aeratora:&nbsp;od \u2013 9 do 9 mm<\/li>\n<li style=\"margin: 5px 0; padding: 2px 0; clear: both; display: list-item; float: none; position: static;\">g\u0142\u0119boko\u015b\u0107 pracy wertykulatora:&nbsp;od \u2013 13 do 5 mm<\/li>\n<li style=\"margin: 5px 0; padding: 2px 0; clear: both; display: list-item; float: none; position: static;\">ilo\u015b\u0107 wa\u0142k\u00f3w w zestawie:&nbsp;2 (do aeracji i do wertykulacji)<\/li>\n<li style=\"margin: 5px 0; padding: 2px 0; clear: both; display: list-item; float: none; position: static;\">wyko\u0144czenie r\u0105czki:&nbsp;mi\u0119kkie<\/li>\n<li style=\"margin: 5px 0; padding: 2px 0; clear: both; display: list-item; float: none; position: static;\">waga:&nbsp;13 kg<\/li>\n<\/ul>\n<h1>Aerator wertykulator elektryczny&nbsp;NAC SCE180-W 1800W<\/h1>\n<p style=\"margin: 15px 0; line-height: 1.8; clear: both; display: block; width: 100%; float: none; position: static;\">Aerator elektryczny&nbsp;z funkcj\u0105 wertykulatora NAC&nbsp;SCE180-W o mocy 1800 W to narz\u0119dzie niezast\u0105pione w piel\u0119gnacji ka\u017cdego trawnika, rozlu\u017ania pod\u0142o\u017ce oraz pobudza traw\u0119 do krzewienia, dzi\u0119ki czemu mo\u017cemy cieszy\u0107 si\u0119 pi\u0119kn\u0105 traw\u0105 w ogrodzie.<\/p>\n<h2>Cechy charakterystyczne:<\/h2>\n<ul style=\"margin: 15px 0; padding-left: 20px; clear: both; display: block; width: 100%; float: none; position: static;\">\n<li style=\"margin: 5px 0; padding: 2px 0; clear: both; display: list-item; float: none; position: static;\">Aerator elektryczny z funkcj\u0105 wertykulatora NAC SCE180-W o mocy 1800 W to narz\u0119dzie niezast\u0105pione w piel\u0119gnacji ka\u017cdego trawnika, rozlu\u017ania pod\u0142o\u017ce oraz pobudza traw\u0119 do krzewienia, dzi\u0119ki czemu mo\u017cemy cieszy\u0107 si\u0119 pi\u0119kn\u0105 traw\u0105 w ogrodzie.<\/li>\n<li style=\"margin: 5px 0; padding: 2px 0; clear: both; display: list-item; float: none; position: static;\">posiada kosz o pojemno\u015bci 55 litr\u00f3w umo\u017cliwiaj\u0105cy zbieranie pozosta\u0142o\u015bci trawy podczas pracy.<\/li>\n<li style=\"margin: 5px 0; padding: 2px 0; clear: both; display: list-item; float: none; position: static;\">wyposa\u017cony jest w 2 \u0142o\u017cyskowane wa\u0142ki \u2013 do aeracji oraz do wertykulacji, wymiana wa\u0142k\u00f3w jest bardzo szybka i \u0142atwa. Wa\u0142ek do aeracji posiada specjalne wytrzyma\u0142e spr\u0119\u017cyny, wa\u0142ek do wertykulacji posiada 16 no\u017cy tn\u0105cych.<\/li>\n<li style=\"margin: 5px 0; padding: 2px 0; clear: both; display: list-item; float: none; position: static;\">regulacji wysoko\u015bci roboczej za pomoc\u0105 d\u017awigni, pozwala urz\u0105dzenie dostosowa\u0107 do r\u00f3\u017cnego rodzaju powierzchni.<\/li>\n<\/ul>\n<h2>W zestawie otrzymuj\u0105 Pa\u0144stwo:<\/h2>\n<ul style=\"margin: 15px 0; padding-left: 20px; clear: both; display: block; width: 100%; float: none; position: static;\">\n<li style=\"margin: 5px 0; padding: 2px 0; clear: both; display: list-item; float: none; position: static;\"><b>Wertykulator &#8211; aerator elektryczny NAC SCE1800-38-W2&nbsp;<\/b>w firmowym kartonie NAC<\/li>\n<li style=\"margin: 5px 0; padding: 2px 0; clear: both; display: list-item; float: none; position: static;\">Wa\u0142ek do wertykulacji<\/li>\n<li style=\"margin: 5px 0; padding: 2px 0; clear: both; display: list-item; float: none; position: static;\">Wa\u0142ek do aeracji<\/li>\n<li style=\"margin: 5px 0; padding: 2px 0; clear: both; display: list-item; float: none; position: static;\">Kosz<\/li>\n<li style=\"margin: 5px 0; padding: 2px 0; clear: both; display: list-item; float: none; position: static;\">dokumenty gwarancyjne<\/li>\n<li style=\"margin: 5px 0; padding: 2px 0; clear: both; display: list-item; float: none; position: static;\">INSTRUKCJ\u0118 OBS\u0141UGI PO POLSKU wraz z deklaracj\u0105 WE<\/li>\n<\/ul>\n<\/div>\n<\/div>\n<\/div>\n<div style=\"clear: both; display: block; margin: 10px 0;\">\n<div style=\"clear: both; display: block; margin: 10px 0;\">\n<div style=\"clear: both; display: block; margin: 10px 0;\">\n<div  style=\"max-width:1400px;max-height:934px\">\n<div style=\"clear: both; display: block; margin: 10px 0;\">\n<div style=\"clear: both; width: 100%; display: block; margin: 20px 0; padding: 0; float: none; position: static; text-align: center;\"><img decoding=\"async\"  src=\"https:\/\/a.allegroimg.com\/original\/11c2eb\/7ab255014bc1b1098d849cdf3eff\/Aerator-wertykulator-elektryczny-NAC-SCE180-38-W\" srcset=\"https:\/\/a.allegroimg.com\/original\/11c2eb\/7ab255014bc1b1098d849cdf3eff\/Aerator-wertykulator-elektryczny-NAC-SCE180-38-W 359w,https:\/\/a.allegroimg.com\/original\/11c2eb\/7ab255014bc1b1098d849cdf3eff\/Aerator-wertykulator-elektryczny-NAC-SCE180-38-W 719w,https:\/\/a.allegroimg.com\/original\/11c2eb\/7ab255014bc1b1098d849cdf3eff\/Aerator-wertykulator-elektryczny-NAC-SCE180-38-W 1024w,https:\/\/a.allegroimg.com\/original\/11c2eb\/7ab255014bc1b1098d849cdf3eff\/Aerator-wertykulator-elektryczny-NAC-SCE180-38-W 1400w,https:\/\/a.allegroimg.com\/original\/11c2eb\/7ab255014bc1b1098d849cdf3eff\/Aerator-wertykulator-elektryczny-NAC-SCE180-38-W 1400w\" sizes=\"100vw\" width=\"1400px\" alt=\"Aerator-wertykulator elektryczny NAC - SCE180-38-W\" style=\"max-width: 100%; height: auto; display: block; margin: 0 auto;\"><\/div>\n<\/div>\n<\/div>\n<\/div>\n<\/div>\n<\/div>\n<\/div>\n<\/div>\n<\/div>\n<div style=\"clear: both; display: block; margin: 10px 0;\">\n","protected":false},"excerpt":{"rendered":"<p>NAC to firma z 25 letni\u0105 tradycj\u0105. NAC jest producentem wysokiej klasy urz\u0105dze\u0144 ogrodniczych. Oferta obejmuje maszyny do piel\u0119gnacji trawnik\u00f3w oraz prac ogrodowych (kosiarki, traktorki, podkaszarki, kosy spalinowe, odkurzacze ogrodowe, pilarki, glebogryzarki, od\u015bnie\u017carki, \u0142uparki do drewna).Presti\u017c firmy podnosi wsp\u00f3\u0142praca z Briggs &amp; Stratton &#8211; znanym na ca\u0142ym \u015bwiecie producentem silnik\u00f3w najwy\u017cszej jako\u015bci.Nac posiada sie\u0107 ponad 100 autoryzowanych punkt\u00f3w serwisowych. NAC oferuje szerok\u0105 gam\u0119 kosiarek elektrycznych i spalinowych.<\/p>\n<p>Dane techniczne:<\/p>\n","protected":false},"featured_media":15736,"template":"","meta":{"_uag_custom_page_level_css":""},"product_brand":[869],"product_cat":[866,541,870],"product_tag":[],"class_list":{"0":"post-15735","1":"product","2":"type-product","3":"status-publish","4":"has-post-thumbnail","6":"product_brand-nac","7":"product_cat-narzedzia-ogrodnicze","8":"product_cat-ogrod","9":"product_cat-wertykulatory-i-aeratory","11":"first","12":"instock","13":"sale","14":"shipping-taxable","15":"purchasable","16":"product-type-simple"},"uagb_featured_image_src":{"full":["https:\/\/qulvako.shop\/grill\/wp-content\/uploads\/2026\/04\/allegro-image-15735.jpg",1400,934,false],"thumbnail":["https:\/\/qulvako.shop\/grill\/wp-content\/uploads\/2026\/04\/allegro-image-15735-150x150.jpg",150,150,true],"medium":["https:\/\/qulvako.shop\/grill\/wp-content\/uploads\/2026\/04\/allegro-image-15735-300x200.jpg",300,200,true],"medium_large":["https:\/\/qulvako.shop\/grill\/wp-content\/uploads\/2026\/04\/allegro-image-15735-768x512.jpg",768,512,true],"large":["https:\/\/qulvako.shop\/grill\/wp-content\/uploads\/2026\/04\/allegro-image-15735-1024x683.jpg",1024,683,true],"1536x1536":["https:\/\/qulvako.shop\/grill\/wp-content\/uploads\/2026\/04\/allegro-image-15735.jpg",1400,934,false],"2048x2048":["https:\/\/qulvako.shop\/grill\/wp-content\/uploads\/2026\/04\/allegro-image-15735.jpg",1400,934,false],"woocommerce_thumbnail":["https:\/\/qulvako.shop\/grill\/wp-content\/uploads\/2026\/04\/allegro-image-15735-300x300.jpg",300,300,true],"woocommerce_single":["https:\/\/qulvako.shop\/grill\/wp-content\/uploads\/2026\/04\/allegro-image-15735-600x400.jpg",600,400,true],"woocommerce_gallery_thumbnail":["https:\/\/qulvako.shop\/grill\/wp-content\/uploads\/2026\/04\/allegro-image-15735-100x100.jpg",100,100,true]},"uagb_author_info":{"display_name":"admin","author_link":"https:\/\/qulvako.shop\/grill\/author\/"},"uagb_comment_info":0,"uagb_excerpt":"NAC to firma z 25 letni\u0105 tradycj\u0105. NAC jest producentem wysokiej klasy urz\u0105dze\u0144 ogrodniczych. Oferta obejmuje maszyny do piel\u0119gnacji trawnik\u00f3w oraz prac ogrodowych (kosiarki, traktorki, podkaszarki, kosy spalinowe, odkurzacze ogrodowe, pilarki, glebogryzarki, od\u015bnie\u017carki, \u0142uparki do drewna).Presti\u017c firmy podnosi wsp\u00f3\u0142praca z Briggs &amp; Stratton - znanym na ca\u0142ym \u015bwiecie producentem silnik\u00f3w najwy\u017cszej jako\u015bci.Nac posiada sie\u0107 ponad&hellip;","_links":{"self":[{"href":"https:\/\/qulvako.shop\/grill\/wp-json\/wp\/v2\/product\/15735","targetHints":{"allow":["GET"]}}],"collection":[{"href":"https:\/\/qulvako.shop\/grill\/wp-json\/wp\/v2\/product"}],"about":[{"href":"https:\/\/qulvako.shop\/grill\/wp-json\/wp\/v2\/types\/product"}],"wp:featuredmedia":[{"embeddable":true,"href":"https:\/\/qulvako.shop\/grill\/wp-json\/wp\/v2\/media\/15736"}],"wp:attachment":[{"href":"https:\/\/qulvako.shop\/grill\/wp-json\/wp\/v2\/media?parent=15735"}],"wp:term":[{"taxonomy":"product_brand","embeddable":true,"href":"https:\/\/qulvako.shop\/grill\/wp-json\/wp\/v2\/product_brand?post=15735"},{"taxonomy":"product_cat","embeddable":true,"href":"https:\/\/qulvako.shop\/grill\/wp-json\/wp\/v2\/product_cat?post=15735"},{"taxonomy":"product_tag","embeddable":true,"href":"https:\/\/qulvako.shop\/grill\/wp-json\/wp\/v2\/product_tag?post=15735"}],"curies":[{"name":"wp","href":"https:\/\/api.w.org\/{rel}","templated":true}]}}